w**2 + 2*w**2 + 4*w**2. Determine m(6).
0
Let h(l) = -l**2 + 8*l - 5. Let d be h(7). Let j(r) = -4*r**2 - r - 1. What is j(d)?
-19
Let b(z) be the first derivative of -2*z**2 + 19 + 0*z + 1/3*z**3. Calculate b(4).
0
Suppose -5*i = -3*l + 6, 2*i = 7*i + 4*l - 8. Let t(r) = -r**3 + r + 10. Calculate t(i).
10
Let k(z) = -2*z**3 + 2*z**2 + 2*z - 2. Let t be k(2). Let l(b) = -b**3 - 8*b**2 - 7*b - 7. Calculate l(t).
-37
Let p(h) = h**3 - 8*h**2 + 7*h - 8. Suppose 7*o - 203 = -22*o. Calculate p(o).
-8
Let s(v) = v + v - 4 + 5 - 4*v + 6. Determine s(6).
-5
Suppose 9*r - 13*r + 4 = 0. Suppose u - r - 4 = 2*c, 2*u - 2*c - 10 = 0. Let b(f) = f**2 - 5*f. What is b(u)?
0
Let y(l) = l**2 - 18*l - 5. Let d be y(18). Let s(t) = -t**2 - 5*t + 6. Determine s(d).
6
Let w(o) be the second derivative of o**3/6 - 7*o**2 - 11*o - 3. Determine w(7).
-7
Let z(m) be the first derivative of -m**4/4 - 5*m**3/3 + m**2 - 6*m + 83. What is z(-5)?
-16
Let v be (6/(-6))/((-1)/(-7)). Let n(t) = -7*t + 35. Let d(b) = 8*b - 41. Let u(l) = -6*d(l) - 7*n(l). Determine u(v).
-6
Let r(z) be the first derivative of -z**5/30 + 7*z**4/24 - z**3 + z**2 - 23. Let u(l) be the second derivative of r(l). Calculate u(4).
-10
Let b(f) = 5*f**2 + 5*f - 4. Let g(u) = u**2. Let n(s) = b(s) - 4*g(s). Suppose -5 = -30*l + 31*l. Give n(l).
-4
Suppose 0*h = -19*h + 57. Let l(y) = y**3 - 3*y**2 + y - 2. Determine l(h).
1
Suppose 23 + 57 = 10*i. Suppose i*m = m - m. Let q(n) = -n**3 - n**2 - n - 4. What is q(m)?
-4
Let m(t) be the first derivative of -t**3/3 - 2*t**2 + 7*t - 4. Let v(d) = d**3 - 3*d**2 + 2*d. Let w be v(2). Suppose -4*x - 12 - 12 = w. Calculate m(x).
-5
Let v(u) be the second derivative of u**4/12 + 4*u**3/3 - 9*u**2/2 + 41*u. Determine v(-9).
0
Let h(l) = 5*l**2 - 13*l + 10. Let p(c) = 3*c**2 - 7*c + 5. Suppose 5*i - 6 = m + 13, 3*i = -5*m + 17. Let g(o) = i*h(o) - 7*p(o). Give g(-5).
-5
Let h = -5 + 1. Let n(s) = -s - 1. Suppose -p + 1 = -2*d, 2*p - 3 = 4*d + p. Let b(g) = -3*g - 1. Let i(q) = d*b(q) + 6*n(q). Calculate i(h).
7
Let q be 0*(-1 + (-35)/(-42)). Let c(t) = t - 14. Determine c(q).
-14
Suppose 5*j - 4*k = 35, -4*j - j - k + 10 = 0. Let y = -3 - -5. Let s(v) = v + 1. Let l(r) = r + 2. Let q(o) = y*s(o) - l(o). Give q(j).
3
Let k = -3134 + 3134. Let t(v) be the second derivative of v**3/6 - 3*v**2 - v. Calculate t(k).
-6
Let c = -189 - -188. Let s(j) = 15*j**3 + 6*j**2 + 2*j + 6. Let g(x) = -x**3 - x**2 - 1. Let o(r) = 5*g(r) + s(r). Calculate o(c).
-10
Let v = -102 - -112. Suppose c = -c - v. Let x(s) = -2*s**3 + 2*s**2 + s - 6. Let k(g) = -g**3 + 3*g**2 + g - 5. Let w(u) = -3*k(u) + 2*x(u). What is w(c)?
8
Let f = -217 - -210. Let m(z) = -z - 11. Calculate m(f).
-4
Let p(g) be the third derivative of -g**7/840 - g**6/180 + g**5/30 - g**4/12 - 8*g**3/3 + 20*g**2. Let z(c) be the first derivative of p(c). What is z(-4)?
14
Let n(i) = i - 3. Let c(o) = 19*o + 25. Let u be c(-2). Determine n(u).
-16
Let z(m) = 5*m**2 - 1 - 4*m + 2 - 4*m**2 + 7*m. Let a = 0 + 3. Give z(a).
19
Let k(r) = 6*r - 24. Let l be k(11). Let a(d) = -d - l + 0*d + 51. Determine a(5).
4
Let b be (-13 + 1469/117)/((-1)/9). Let h(t) = t**3 - 6*t**2 + 4*t - 4. Give h(b).
-20
Let g = 3 + -9. Let b(q) be the third derivative of 1/2*q**3 - 1/60*q**5 - 5/24*q**4 - q**2 + 0*q + 0. Calculate b(g).
-3
Suppose 3*o - 9 + 51 = -3*t, -5*t - 3*o = 68. Let r = t + 15. Let n(z) = -15*z + r*z**2 + 36*z - 3 - 23*z. Give n(3).
9
Let b(r) = 2*r + 103. Let c(l) = -5*l - 105. Let h(y) = 6*b(y) + 5*c(y). Give h(7).
2
Let a(r) = -2*r**2 + 9*r + 1. Let h be a(4). Let y(x) = -x**3 + 5*x**2 - 2*x + 11. Let z be y(h). Let c(d) = -5*d**2 - 8*d - 11*d + 19*d + 1. Determine c(z).
-4
Suppose c - 345 = -2*w, 5*w = 9*w - 5*c - 725. Let i = w + -174. Let r(u) = -3*u + 1. Determine r(i).
-2
Let s(d) = 11*d + 3. Let w(a) = 2*a + 1. Let v(o) = -s(o) + 6*w(o). Calculate v(-4).
-1
Let s(p) = -2*p**3 + 2*p - 2*p**3 - 6*p**2 + 3*p**3 + 9. Suppose 0 = -0*u - 3*u + 33. Suppose -3*l + u - 29 = 0. Give s(l).
-3
Let p = 2430 + -2438. Let r(k) = k**3 + 9*k**2 + 8*k - 9. What is r(p)?
-9
Let l(d) = d**2 - 7*d + 1. Let r(x) = 2*x**2 - 15*x + 1. Let o(m) = 9*l(m) - 4*r(m). Let c = 6 + -2. Determine o(c).
9
Let p(r) = -r**3 - 16*r**2 - 14*r + 14. Let a be p(-15). Let o be 3 - a*(-1 + 3). Let z(c) = 5 + 4*c + 3*c**2 - c**3 + 2*c**2 + 0*c - c**2. Give z(o).
0
Let x(w) = 10 - 18 + 3 + w. Let s(p) = 2*p**2 - 13*p. Let q be s(7). Determine x(q).
2
Let b = -1048 - -1053. Let p(k) = -k**2 - 2*k + 29. Calculate p(b).
-6
Let y(f) = -f**2 - 15*f - 16. Let d be (-81)/(-18)*-2 - 4. Give y(d).
10
Suppose 0*v = -v + 17. Suppose 3 = -5*b - v. Let a(x) be the second derivative of -x**5/20 - 5*x**4/12 - x**3/6 + 5*x**2/2 - x. Calculate a(b).
-7
Let m(z) be the third derivative of -29*z**4/12 - z**3/6 + 7*z**2 + 7*z. Determine m(1).
-59
Let f = -453 + 656. Suppose 0 = 3*i - 77 + f. Let a = i - -37. Let m(u) = -u**3 - 5*u**2 + u. What is m(a)?
-5
Let u(a) be the third derivative of -a**5/60 + 17*a**4/24 - 7*a**3/2 + 161*a**2. Determine u(14).
21
Let x(i) = -6*i**2 + 3*i + 3. Let p(q) = -q**2. Let y(w) = -5*p(w) + x(w). Let a(h) = h**2 - 12*h + 3. Let s be a(12). What is y(s)?
3
Let c(p) = 0*p**3 - 76 + 7*p**3 + 75 + p**2. Give c(1).
7
Let j = 111 + -106. Let n(y) = -y**3 + 5*y**2 + 3. Determine n(j).
3
Let f(u) = 17*u + 1. Let c(x) = 33*x + 5. Let j(i) = -c(i) + 2*f(i). Give j(8).
5
Let q(w) be the third derivative of -1/120*w**6 + 0*w + 1/6*w**3 + 20*w**2 - 1/15*w**5 - 1/8*w**4 + 0. What is q(-3)?
1
Let k(s) = -s**2 - s + 43. Suppose -87*f + 81*f = 0. Give k(f).
43
Let g(a) = -a**2 - 12*a + 15. Let o = -439 + 427. Give g(o).
15
Let k(q) = -q**2 - 25*q + 3. Suppose 2*y + 17 = -g, -5*g - 64 = -4*y + 77. Calculate k(g).
3
Suppose -3 = -3*u, i - 8*u + 4*u + 6 = 0. Let q(n) = -n**2 - 6*n. Let v = 7 - 4. Let w(b) = -b**2 - 5*b. Let a(k) = i*w(k) + v*q(k). Determine a(-7).
7
Let o(k) = -9*k - 29. Let r(i) = 4*i + 15. Let y(q) = -6*o(q) - 13*r(q). Give y(9).
-3
Let t(h) = -h + 9. Let g = 21 + -7. Suppose -g*u + 15*u = 5. Calculate t(u).
4
Suppose -2*n + 24 = 4*z + 2*n, 0 = -2*z - 3*n + 15. Let t(i) be the first derivative of -i**3/3 + 5*i**2/2 - 3*i - 5. Give t(z).
3
Let t(b) = -1 - 10*b + 25*b**2 + 0 + 23*b**2 - 47*b**2. Calculate t(7).
-22
Suppose 5*n + 5*d - 5 = 0, 6 = 5*n - d + 5*d. Let z be (-2)/9 - 114/(-27). Let u(a) = -4 - a + 6 - z*a - 1. Calculate u(n).
-9
Let s(g) = -3*g + 1. Let t(i) = i**3 - 10*i**2 - 1. Let h(u) = u**3 - 9*u**2 + u. Let o(y) = 4*h(y) - 3*t(y). Let q be o(5). Calculate s(q).
7
Let r(q) = -1746*q + 3502*q - 1 - 1752*q. Determine r(-4).
-17
Let b(o) = 25*o - 93. Let a(f) = 13*f - 46. Let y(h) = 5*a(h) - 3*b(h). Let i be y(5). Let k(c) = -8*c**2 + 2*c + 1. Calculate k(i).
-9
Let j be ((-25)/(-20))/(1/8). Let k(a) = a - 24. Give k(j).
-14
Let p = 34 - 59. Let z be (-485)/p - 12/(-20). Suppose -i - 2*t + z = t, -3*i + 5*t - 10 = 0. Let v(m) = 2*m - 7. Determine v(i).
3
Let g(a) = -2*a - 10. Suppose -12*y + 7*y = 70. Calculate g(y).
18
Let w(g) = g**3 - 13*g. Let v(m) = m**3 - 10*m - 1. Let q(h) = -3*v(h) + 2*w(h). Give q(-2).
3
Let k(v) = -3*v - 1. Let h be (-3*19)/1*(-4)/(-6). Let p = 30 + h. Calculate k(p).
23
Suppose 4*n - 2 - 10 = -4*i, -3*i + 7 = 5*n. Let s be -7*(16/i - 3). Let p(f) = f + f + 3*f + f**2 - 9. Calculate p(s).
5
Let h(o) = o - 95 - 5*o**2 + 45 + 49. Calculate h(1).
-5
Let m(g) = -g**3 + 7*g**2 - 6*g. Suppose -3*y - 30 + 24 = -2*b, 0 = 2*b + y - 14. Determine m(b).
0
Let u be (6/4)/(3/8). Suppose -4*p - 9 = -s, s + u*p - 1 = -8. Let r(c) = -21627399*c**2 - c + c + 21627385*c**2. Calculate r(s).
-14
Let m(w) = -w**2 + 5*w. Let f(l) = 5*l**2 + 2*l - 4. Let k(z) = -6*z**2 - z + 3. Let i(b) = 7*f(b) + 6*k(b). Let h be i(5). What is m(h)?
0
Let g(i) = i**3 - 214*i**2 + 219*i**2 - 5 - 6*i - i. Give g(-6).
1
Let b(k) = k**3 - 3*k**2 - 4*k - 1. Let o(s) = -s**3 + 6*s**2 + 2*s - 17. Let a be o(5). Let d be ((a/15)/2)/(5/25). Determine b(d).
-13
Let o(z) = 10*z - 1. Let m(t) = -18*t + 2. Let d(b) = m(b) + 3*o(b). Let n = 2 + -3. What is d(n)?
-13
Suppose -4612*d + 4618*d = -12. Let u(p) = -6*p**3 - 3*p**2 - p + 2. Calculate u(d).
40
Let g(f) = 3*f**3 + 2*f**2 + 3*f - 1. Let s(i) = -4*i**3 - 2*i**2 - 3*i + 1. Let y(r) = -5*g(r) - 4*s(r). Suppo